{"id":2874,"date":"2025-03-09T01:31:47","date_gmt":"2025-03-09T01:31:47","guid":{"rendered":"https:\/\/carrodeelectronica.com\/?post_type=product&#038;p=2874"},"modified":"2025-03-09T01:31:50","modified_gmt":"2025-03-09T01:31:50","slug":"mosfet-irlb3034-40v-195a-canal-n","status":"publish","type":"product","link":"https:\/\/carrodeelectronica.com\/?product=mosfet-irlb3034-40v-195a-canal-n","title":{"rendered":"MOSFET IRLB3034, 40V, 195A, CANAL N"},"content":{"rendered":"<p>IRLB3034 es un\u00a0 mosfet de un 1 canal<strong> tipo N<\/strong>, tiene 3 pines y un encapsulado TO-220AB, con capacidad de manejar energ\u00eda de 40V y 195A. El IRLB3034 es un transistor de potencia as\u00ed como de alto rendimiento y baja frecuencia. Este transistor es eficiente en la amplificaci\u00f3n o conmutaci\u00f3n de se\u00f1ales electr\u00f3nicas, en drivers para motores DC, por mencionar algunos.<\/p>\n<p><em><strong>ESPECIFICACIONES<\/strong><\/em><\/p>\n<ul>\n<li>Tipo: Transistor MOSFET<\/li>\n<li>Serie: IRLB3034<\/li>\n<li>Encapsulado: TO-220AB<\/li>\n<li>Pines: 3<\/li>\n<li>Canal: 1 N-Channel<\/li>\n<li>Montaje: THT Through Hole<\/li>\n<li>Voltaje drenaje-fuente (Vds): 40V<\/li>\n<li>Corriente de drenaje ID (@25\u00b0C) m\u00e1x: 195A (Package Limit)<\/li>\n<li>Voltaje compuerta-fuente (VGS(th)): 1.75V a 2.5V<\/li>\n<li>Disipaci\u00f3n de potencia (Pd): 375W (Requiere disipador de calor)<\/li>\n<\/ul>\n","protected":false},"excerpt":{"rendered":"<p>IRLB3034 es un\u00a0 mosfet de un 1 canal tipo N, tiene 3 pines y un encapsulado TO-220AB, con capacidad de manejar energ\u00eda de 40V y 195A. El IRLB3034 es un transistor de potencia as\u00ed como de alto rendimiento y baja frecuencia. Este transistor es eficiente en la amplificaci\u00f3n o conmutaci\u00f3n de se\u00f1ales electr\u00f3nicas, en drivers [&#8230;]\n","protected":false},"featured_media":0,"comment_status":"open","ping_status":"closed","template":"","meta":[],"product_brand":[],"product_cat":[139],"product_tag":[],"class_list":{"0":"post-2874","1":"product","2":"type-product","3":"status-publish","5":"product_cat-mosfet","7":"first","8":"instock","9":"taxable","10":"shipping-taxable","11":"purchasable","12":"product-type-simple"},"jetpack_sharing_enabled":true,"_links":{"self":[{"href":"https:\/\/carrodeelectronica.com\/index.php?rest_route=\/wp\/v2\/product\/2874","targetHints":{"allow":["GET"]}}],"collection":[{"href":"https:\/\/carrodeelectronica.com\/index.php?rest_route=\/wp\/v2\/product"}],"about":[{"href":"https:\/\/carrodeelectronica.com\/index.php?rest_route=\/wp\/v2\/types\/product"}],"replies":[{"embeddable":true,"href":"https:\/\/carrodeelectronica.com\/index.php?rest_route=%2Fwp%2Fv2%2Fcomments&post=2874"}],"wp:attachment":[{"href":"https:\/\/carrodeelectronica.com\/index.php?rest_route=%2Fwp%2Fv2%2Fmedia&parent=2874"}],"wp:term":[{"taxonomy":"product_brand","embeddable":true,"href":"https:\/\/carrodeelectronica.com\/index.php?rest_route=%2Fwp%2Fv2%2Fproduct_brand&post=2874"},{"taxonomy":"product_cat","embeddable":true,"href":"https:\/\/carrodeelectronica.com\/index.php?rest_route=%2Fwp%2Fv2%2Fproduct_cat&post=2874"},{"taxonomy":"product_tag","embeddable":true,"href":"https:\/\/carrodeelectronica.com\/index.php?rest_route=%2Fwp%2Fv2%2Fproduct_tag&post=2874"}],"curies":[{"name":"wp","href":"https:\/\/api.w.org\/{rel}","templated":true}]}}