{"id":2864,"date":"2025-03-09T01:31:46","date_gmt":"2025-03-09T01:31:46","guid":{"rendered":"https:\/\/carrodeelectronica.com\/?post_type=product&#038;p=2864"},"modified":"2025-03-09T01:31:49","modified_gmt":"2025-03-09T01:31:49","slug":"transistor-2n4401","status":"publish","type":"product","link":"https:\/\/carrodeelectronica.com\/?product=transistor-2n4401","title":{"rendered":"TRANSISTOR 2N4401"},"content":{"rendered":"<table>\n<tbody>\n<tr>\n<td>Transistor 2N4401 de peque\u00f1a se\u00f1al, NPN 40 V, 0.6 A, 5 MHz de baja potencia usado para prop\u00f3sito general en aplicaciones de conmutaci\u00f3n. El transistor en NPN empieza a conducir cuando la uni\u00f3n base emisor es polarizada en directo (Fluye corriente de la base al emisor). El emisor est\u00e1 conectado al negativo de la bater\u00eda y la base a un voltaje positivo pero menor que el de la bater\u00eda.<\/p>\n<p><strong><em>ESPECIFICACIONES\u00a0<\/em><\/strong><\/p>\n<ul>\n<li>Polaridad del transistor: NPN<\/li>\n<li>Voltaje colector base VCBO: 60 V<\/li>\n<li>Voltaje colector emisor VCEO: 40 V<\/li>\n<li>Voltaje emisor base VEBO: 6 V<\/li>\n<li>Corriente de colector IC: 600 mA<\/li>\n<li>Disipaci\u00f3n de potencia de colector PC (Tc=25 \u00b0C): 625 mW<\/li>\n<li>Frecuencia de transici\u00f3n\u00a0 ft: 250 MHz<\/li>\n<li>Ganancia de corriente DC hFE: 300 hFE<\/li>\n<li>Temperatura de operaci\u00f3n m\u00ednima: -55 \u00b0C<\/li>\n<li>Temperatura de operaci\u00f3n m\u00e1xima: 150 \u00b0C<\/li>\n<li>Encapsulado: TO-92<\/li>\n<li>N\u00famero de pines: 3<\/li>\n<li>Modelo:\u00a008N8113<\/li>\n<\/ul>\n<\/td>\n<\/tr>\n<\/tbody>\n<\/table>\n","protected":false},"excerpt":{"rendered":"<p>Transistor 2N4401 de peque\u00f1a se\u00f1al, NPN 40 V, 0.6 A, 5 MHz de baja potencia usado para prop\u00f3sito general en aplicaciones de conmutaci\u00f3n. El transistor en NPN empieza a conducir cuando la uni\u00f3n base emisor es polarizada en directo (Fluye corriente de la base al emisor). El emisor est\u00e1 conectado al negativo de la bater\u00eda [&#8230;]\n","protected":false},"featured_media":0,"comment_status":"open","ping_status":"closed","template":"","meta":[],"product_brand":[],"product_cat":[218],"product_tag":[],"class_list":{"0":"post-2864","1":"product","2":"type-product","3":"status-publish","5":"product_cat-transistores","7":"first","8":"instock","9":"taxable","10":"shipping-taxable","11":"purchasable","12":"product-type-simple"},"jetpack_sharing_enabled":true,"_links":{"self":[{"href":"https:\/\/carrodeelectronica.com\/index.php?rest_route=\/wp\/v2\/product\/2864","targetHints":{"allow":["GET"]}}],"collection":[{"href":"https:\/\/carrodeelectronica.com\/index.php?rest_route=\/wp\/v2\/product"}],"about":[{"href":"https:\/\/carrodeelectronica.com\/index.php?rest_route=\/wp\/v2\/types\/product"}],"replies":[{"embeddable":true,"href":"https:\/\/carrodeelectronica.com\/index.php?rest_route=%2Fwp%2Fv2%2Fcomments&post=2864"}],"wp:attachment":[{"href":"https:\/\/carrodeelectronica.com\/index.php?rest_route=%2Fwp%2Fv2%2Fmedia&parent=2864"}],"wp:term":[{"taxonomy":"product_brand","embeddable":true,"href":"https:\/\/carrodeelectronica.com\/index.php?rest_route=%2Fwp%2Fv2%2Fproduct_brand&post=2864"},{"taxonomy":"product_cat","embeddable":true,"href":"https:\/\/carrodeelectronica.com\/index.php?rest_route=%2Fwp%2Fv2%2Fproduct_cat&post=2864"},{"taxonomy":"product_tag","embeddable":true,"href":"https:\/\/carrodeelectronica.com\/index.php?rest_route=%2Fwp%2Fv2%2Fproduct_tag&post=2864"}],"curies":[{"name":"wp","href":"https:\/\/api.w.org\/{rel}","templated":true}]}}