{"id":1837,"date":"2025-03-09T01:26:20","date_gmt":"2025-03-09T01:26:20","guid":{"rendered":"https:\/\/carrodeelectronica.com\/?post_type=product&#038;p=1837"},"modified":"2025-04-10T16:35:01","modified_gmt":"2025-04-10T16:35:01","slug":"sensor-de-campo-magnetico-o-efecto-hall-a3144","status":"publish","type":"product","link":"https:\/\/carrodeelectronica.com\/?product=sensor-de-campo-magnetico-o-efecto-hall-a3144","title":{"rendered":"SENSOR DE CAMPO MAGNETICO O EFECTO HALL A3144"},"content":{"rendered":"<p>El sensor de efecto hall funciona cuando hay presencia de un campo magn\u00e9tico (Generalmente se utiliza junto con un peque\u00f1o im\u00e1n). El A3144 tiene un alcance de varios cent\u00edmetros, depende de la intensidad del campo. Trabaja a trav\u00e9s de una salida digital y retenci\u00f3n de estado que cambia de cero a uno ante la presencia de un campo electromagn\u00e9tico. Este sensor puede ser usado en aplicaciones como detector de posici\u00f3n o medidor de velocidad como los que se encuentran en algunos motorreductores.<\/p>\n<p><strong><em>ESPECIFICACIONES <\/em><\/strong><\/p>\n<ul>\n<li class=\"mceVisualAid mceVisualGuides\">Voltaje de operaci\u00f3n: 4.5V ~ 24VDC<\/li>\n<li class=\"mceVisualAid mceVisualGuides\">Corriente m\u00e1xima: 25mA.<\/li>\n<li class=\"mceVisualAid mceVisualGuides\">Rango de temperatura:-40\uff5e85\u2103<\/li>\n<\/ul>\n<p>&nbsp;<\/p>\n","protected":false},"excerpt":{"rendered":"<p>El sensor de efecto hall funciona cuando hay presencia de un campo magn\u00e9tico (Generalmente se utiliza junto con un peque\u00f1o im\u00e1n). El A3144 tiene un alcance de varios cent\u00edmetros, depende de la intensidad del campo. Trabaja a trav\u00e9s de una salida digital y retenci\u00f3n de estado que cambia de cero a uno ante la presencia [&#8230;]\n","protected":false},"featured_media":4125,"comment_status":"open","ping_status":"closed","template":"","meta":[],"product_brand":[],"product_cat":[173],"product_tag":[],"class_list":{"0":"post-1837","1":"product","2":"type-product","3":"status-publish","4":"has-post-thumbnail","6":"product_cat-deteccion-y-proximidad","8":"first","9":"instock","10":"taxable","11":"shipping-taxable","12":"purchasable","13":"product-type-simple"},"jetpack_sharing_enabled":true,"_links":{"self":[{"href":"https:\/\/carrodeelectronica.com\/index.php?rest_route=\/wp\/v2\/product\/1837","targetHints":{"allow":["GET"]}}],"collection":[{"href":"https:\/\/carrodeelectronica.com\/index.php?rest_route=\/wp\/v2\/product"}],"about":[{"href":"https:\/\/carrodeelectronica.com\/index.php?rest_route=\/wp\/v2\/types\/product"}],"replies":[{"embeddable":true,"href":"https:\/\/carrodeelectronica.com\/index.php?rest_route=%2Fwp%2Fv2%2Fcomments&post=1837"}],"wp:featuredmedia":[{"embeddable":true,"href":"https:\/\/carrodeelectronica.com\/index.php?rest_route=\/wp\/v2\/media\/4125"}],"wp:attachment":[{"href":"https:\/\/carrodeelectronica.com\/index.php?rest_route=%2Fwp%2Fv2%2Fmedia&parent=1837"}],"wp:term":[{"taxonomy":"product_brand","embeddable":true,"href":"https:\/\/carrodeelectronica.com\/index.php?rest_route=%2Fwp%2Fv2%2Fproduct_brand&post=1837"},{"taxonomy":"product_cat","embeddable":true,"href":"https:\/\/carrodeelectronica.com\/index.php?rest_route=%2Fwp%2Fv2%2Fproduct_cat&post=1837"},{"taxonomy":"product_tag","embeddable":true,"href":"https:\/\/carrodeelectronica.com\/index.php?rest_route=%2Fwp%2Fv2%2Fproduct_tag&post=1837"}],"curies":[{"name":"wp","href":"https:\/\/api.w.org\/{rel}","templated":true}]}}