{"id":1287,"date":"2025-03-09T01:23:11","date_gmt":"2025-03-09T01:23:11","guid":{"rendered":"https:\/\/carrodeelectronica.com\/?post_type=product&#038;p=1287"},"modified":"2025-07-08T16:47:12","modified_gmt":"2025-07-08T16:47:12","slug":"arduino-uno-r3-dip","status":"publish","type":"product","link":"https:\/\/carrodeelectronica.com\/?product=arduino-uno-r3-dip","title":{"rendered":"ARDUINO UNO R3 DIP"},"content":{"rendered":"<p>Esta placa se presenta como una alternativa muy econ\u00f3mica y de excelente calidad (basta ver el terminado) para la tarjeta Arduino Uno. Es compatible en todos los aspectos con las tarjetas Arduino\u00a0Uno\u00a0y acepta todos los shields y accesorios que se pueden usar en un Arduino\u00a0Uno original. El microcontrolador empleado es un ATMEGA328 (el mismo del arduino original). Parte del gran precio de esta tarjeta se debe a los circuitos integrados seleccionados y sin embargo, esto no afecta en lo m\u00e1s m\u00ednimo su funcionalidad ni pierde en caracter\u00edsticas contra otras tarjetas originales, clones o compatibles.<\/p>\n","protected":false},"excerpt":{"rendered":"<p>Esta placa se presenta como una alternativa muy econ\u00f3mica y de excelente calidad (basta ver el terminado) para la tarjeta Arduino Uno. Es compatible en todos los aspectos con las tarjetas Arduino\u00a0Uno\u00a0y acepta todos los shields y accesorios que se pueden usar en un Arduino\u00a0Uno original. El microcontrolador empleado es un ATMEGA328 (el mismo del [&#8230;]\n","protected":false},"featured_media":4189,"comment_status":"closed","ping_status":"closed","template":"","meta":[],"product_brand":[],"product_cat":[144],"product_tag":[],"class_list":{"0":"post-1287","1":"product","2":"type-product","3":"status-publish","4":"has-post-thumbnail","6":"product_cat-arduino-generico","8":"first","9":"instock","10":"taxable","11":"shipping-taxable","12":"purchasable","13":"product-type-simple"},"jetpack_sharing_enabled":true,"_links":{"self":[{"href":"https:\/\/carrodeelectronica.com\/index.php?rest_route=\/wp\/v2\/product\/1287","targetHints":{"allow":["GET"]}}],"collection":[{"href":"https:\/\/carrodeelectronica.com\/index.php?rest_route=\/wp\/v2\/product"}],"about":[{"href":"https:\/\/carrodeelectronica.com\/index.php?rest_route=\/wp\/v2\/types\/product"}],"replies":[{"embeddable":true,"href":"https:\/\/carrodeelectronica.com\/index.php?rest_route=%2Fwp%2Fv2%2Fcomments&post=1287"}],"wp:featuredmedia":[{"embeddable":true,"href":"https:\/\/carrodeelectronica.com\/index.php?rest_route=\/wp\/v2\/media\/4189"}],"wp:attachment":[{"href":"https:\/\/carrodeelectronica.com\/index.php?rest_route=%2Fwp%2Fv2%2Fmedia&parent=1287"}],"wp:term":[{"taxonomy":"product_brand","embeddable":true,"href":"https:\/\/carrodeelectronica.com\/index.php?rest_route=%2Fwp%2Fv2%2Fproduct_brand&post=1287"},{"taxonomy":"product_cat","embeddable":true,"href":"https:\/\/carrodeelectronica.com\/index.php?rest_route=%2Fwp%2Fv2%2Fproduct_cat&post=1287"},{"taxonomy":"product_tag","embeddable":true,"href":"https:\/\/carrodeelectronica.com\/index.php?rest_route=%2Fwp%2Fv2%2Fproduct_tag&post=1287"}],"curies":[{"name":"wp","href":"https:\/\/api.w.org\/{rel}","templated":true}]}}