{"id":1133,"date":"2025-03-09T01:22:21","date_gmt":"2025-03-09T01:22:21","guid":{"rendered":"https:\/\/carrodeelectronica.com\/?post_type=product&#038;p=1133"},"modified":"2025-03-09T01:22:23","modified_gmt":"2025-03-09T01:22:23","slug":"voltimetro","status":"publish","type":"product","link":"https:\/\/carrodeelectronica.com\/?product=voltimetro","title":{"rendered":"VOLTIMETRO"},"content":{"rendered":"<p>Realiza la medici\u00f3n de voltaje en corriente directa a partir de 3V, hasta 100V . \u00datil para proyectos que necesiten medir constantemente. Incluye cables para medici\u00f3n de voltaje y corriente. Incluye cables para medici\u00f3n de voltaje y corriente.<\/p>\n<div>\n<p><em><strong>ESPECIFICACIONES<\/strong><\/em><\/p>\n<\/div>\n<div>\n<ul>\n<li>Voltaje de alimentaci\u00f3n:4.5 a 30 VCD<\/li>\n<li>Medidas para voltaje: 0 V a 100V<\/li>\n<li>Medidas para amperaje: 0 A a 10 A<\/li>\n<li>Resoluci\u00f3n: 0.1 V \/ 0.1 A<\/li>\n<li>Dimensiones:48x29x26mm<\/li>\n<li>Visualizaci\u00f3n en display 7 segmentos:\n<ul>\n<li>Rojo para medici\u00f3n de Voltaje<\/li>\n<li>Azul para medici\u00f3n de Corriente<\/li>\n<\/ul>\n<\/li>\n<\/ul>\n<\/div>\n","protected":false},"excerpt":{"rendered":"<p>Realiza la medici\u00f3n de voltaje en corriente directa a partir de 3V, hasta 100V . \u00datil para proyectos que necesiten medir constantemente. Incluye cables para medici\u00f3n de voltaje y corriente. Incluye cables para medici\u00f3n de voltaje y corriente. ESPECIFICACIONES Voltaje de alimentaci\u00f3n:4.5 a 30 VCD Medidas para voltaje: 0 V a 100V Medidas para amperaje: [&#8230;]\n","protected":false},"featured_media":0,"comment_status":"closed","ping_status":"closed","template":"","meta":[],"product_brand":[],"product_cat":[172],"product_tag":[],"class_list":{"0":"post-1133","1":"product","2":"type-product","3":"status-publish","5":"product_cat-multimetros","7":"first","8":"instock","9":"taxable","10":"shipping-taxable","11":"purchasable","12":"product-type-simple"},"jetpack_sharing_enabled":true,"_links":{"self":[{"href":"https:\/\/carrodeelectronica.com\/index.php?rest_route=\/wp\/v2\/product\/1133","targetHints":{"allow":["GET"]}}],"collection":[{"href":"https:\/\/carrodeelectronica.com\/index.php?rest_route=\/wp\/v2\/product"}],"about":[{"href":"https:\/\/carrodeelectronica.com\/index.php?rest_route=\/wp\/v2\/types\/product"}],"replies":[{"embeddable":true,"href":"https:\/\/carrodeelectronica.com\/index.php?rest_route=%2Fwp%2Fv2%2Fcomments&post=1133"}],"wp:attachment":[{"href":"https:\/\/carrodeelectronica.com\/index.php?rest_route=%2Fwp%2Fv2%2Fmedia&parent=1133"}],"wp:term":[{"taxonomy":"product_brand","embeddable":true,"href":"https:\/\/carrodeelectronica.com\/index.php?rest_route=%2Fwp%2Fv2%2Fproduct_brand&post=1133"},{"taxonomy":"product_cat","embeddable":true,"href":"https:\/\/carrodeelectronica.com\/index.php?rest_route=%2Fwp%2Fv2%2Fproduct_cat&post=1133"},{"taxonomy":"product_tag","embeddable":true,"href":"https:\/\/carrodeelectronica.com\/index.php?rest_route=%2Fwp%2Fv2%2Fproduct_tag&post=1133"}],"curies":[{"name":"wp","href":"https:\/\/api.w.org\/{rel}","templated":true}]}}